{"id":108,"date":"2022-01-06T15:57:19","date_gmt":"2022-01-06T13:57:19","guid":{"rendered":"http:\/\/www.vanhat.sarajamaki.fi\/?page_id=108"},"modified":"2023-09-28T18:21:30","modified_gmt":"2023-09-28T15:21:30","slug":"meidan-tekemista","status":"publish","type":"page","link":"https:\/\/www.vanhat.sarajamaki.fi\/?page_id=108","title":{"rendered":"LUOTETTAVA, REHELLINEN JA LAADUKAS KUMPPANI"},"content":{"rendered":"\n<p>WSCAD suunnitteluohjelman olemme ottaneet haltuun kes\u00e4n 2022 aikana Suomessa, eli myynti + koulutus + tekninen tuki on hallussamme ja vanhat asiakkaat siirtyy yll\u00e4pitosopimuksen uusimisen my\u00f6t\u00e4 asiakkaaksemme! K\u00e4yt\u00e4mme itse suunnittelussa p\u00e4\u00e4asiassa WSCADi\u00e4, joten koulutus ja tekninen tuki on todella korkeatasoista ja r\u00e4\u00e4t\u00e4l\u00f6it\u00e4v\u00e4\u00e4! Meilt\u00e4 l\u00f6ytyy k\u00e4yt\u00f6st\u00e4 my\u00f6s Cadmatic (=ex CADS), jos joku haluaa niit\u00e4 kaarevia kaapeleita kuviinsa&#8230;tosin WSCAD tekee keskusten piirikaaviot ja paljon muuta automaattisesti.<\/p>\n\n\n\n<p>Olemme tehneet asiakkaillemme keskusten kokoonpanoty\u00f6t\u00e4, s\u00e4hk\u00f6- ja automaatiosuunnittelua (kappaletavara ja prosessi), kiinteist\u00f6jen s\u00e4hk\u00f6suunnittelua, s\u00e4hk\u00f6- ja ohjauskeskusvalmistusta, automaatioasennuksia k\u00e4ytt\u00f6\u00f6nottoineen ja kiinteist\u00f6jen s\u00e4hk\u00f6asennuksia. Kokemusta n\u00e4ist\u00e4 tekemisist\u00e4 l\u00f6ytyy yli vuosikymmenen ajalta ja lis\u00e4ksi parin vuosikymmenen kokemus liikkuvan kaluston s\u00e4hk\u00f6- ja elektroniikkakorjauksesta. Olemme olleet mukana valaistusten modernisoinneissa ja DALI-j\u00e4rjestelmien suunnittelu- ja ohjelmointit\u00f6iss\u00e4. Kaikenlaista puuhaa on siis jo kerennyt kerty\u00e4 plakkariin, samoilla asioilla jatketaan edelleen!<\/p>\n\n\n\n<p><strong>Toimintamme s\u00e4hk\u00f6iset peruspilarit:<\/strong><\/p>\n\n\n\n<ul class=\"wp-block-list\">\n<li>WSCAD suunnitteluohjelman myynti ja koulutus, lis\u00e4ksi www.wscaduniverse.com<\/li>\n\n\n\n<li>s\u00e4hk\u00f6- ja automaatiosuunnittelu<\/li>\n\n\n\n<li>PLC- ja \u00e4lyreleohjausten suunnittelu ja ohjelmointi<\/li>\n\n\n\n<li>projektijohto, koulutus ja konsultointi<\/li>\n\n\n\n<li>ohjaus- ja s\u00e4hk\u00f6keskusten valmistus<\/li>\n\n\n\n<li>s\u00e4hk\u00f6- ja automaatioasennukset, k\u00e4ytt\u00f6\u00f6notto ja kunnossapito<\/li>\n\n\n\n<li>vanhojen j\u00e4rjestelmien saneeraukset ja uusinnat<\/li>\n\n\n\n<li>taloushallinnon konsultointi: palkanlaskenta ja palkkarekisteri (Johanna)<\/li>\n<\/ul>\n\n\n\n<p><strong>Taloushallinnon osa-alueista palkanlaskennan ja tulorekisterin<\/strong> osalta voitte olla yhteydess\u00e4 Johannaan (johanna.rajamaki@sarajamaki.fi) ! Kokemusta n\u00e4ist\u00e4 asioista l\u00f6ytyy yli vuosikymmenen ajalta. Palkanlaskenta on yrityksen kannalta todella kriittinen toimi, joten t\u00e4h\u00e4n kannattaa panostaa, pienill\u00e4 automatisoinneilla voit v\u00e4ltt\u00e4\u00e4 ongelmia ja s\u00e4\u00e4st\u00e4\u00e4 todella paljon aikaa ja rahaa. Tulorekisterin hallinta on v\u00e4ltt\u00e4m\u00e4t\u00f6nt\u00e4, kaikki asiat eiv\u00e4t aina mene oikein ja korjattavaa l\u00f6ytyy, anna asiantuntijan auttaa ja selviydyt t\u00e4st\u00e4kin asiasta helposti ja nopeasti!<\/p>\n\n\n\n<figure class=\"wp-block-image size-full\"><a href=\"http:\/\/www.vanhat.sarajamaki.fi\/wp-content\/uploads\/2023\/09\/AA-logo-2023-FI-transparent.png\"><img loading=\"lazy\" decoding=\"async\" width=\"749\" height=\"554\" src=\"http:\/\/www.vanhat.sarajamaki.fi\/wp-content\/uploads\/2023\/09\/AA-logo-2023-FI-transparent.png\" alt=\"\" class=\"wp-image-389\" srcset=\"https:\/\/www.vanhat.sarajamaki.fi\/wp-content\/uploads\/2023\/09\/AA-logo-2023-FI-transparent.png 749w, https:\/\/www.vanhat.sarajamaki.fi\/wp-content\/uploads\/2023\/09\/AA-logo-2023-FI-transparent-300x222.png 300w\" sizes=\"auto, (max-width: 706px) 89vw, (max-width: 767px) 82vw, 740px\" \/><\/a><\/figure>\n\n\n\n<figure class=\"wp-block-image size-large\"><a href=\"http:\/\/www.vanhat.sarajamaki.fi\/wp-content\/uploads\/2023\/02\/Suomen-vahvimmat-hopea-1.png\"><img loading=\"lazy\" decoding=\"async\" width=\"1024\" height=\"667\" src=\"http:\/\/www.vanhat.sarajamaki.fi\/wp-content\/uploads\/2023\/02\/Suomen-vahvimmat-hopea-1-1024x667.png\" alt=\"\" class=\"wp-image-361\" srcset=\"https:\/\/www.vanhat.sarajamaki.fi\/wp-content\/uploads\/2023\/02\/Suomen-vahvimmat-hopea-1-1024x667.png 1024w, https:\/\/www.vanhat.sarajamaki.fi\/wp-content\/uploads\/2023\/02\/Suomen-vahvimmat-hopea-1-300x195.png 300w, https:\/\/www.vanhat.sarajamaki.fi\/wp-content\/uploads\/2023\/02\/Suomen-vahvimmat-hopea-1-768x500.png 768w, https:\/\/www.vanhat.sarajamaki.fi\/wp-content\/uploads\/2023\/02\/Suomen-vahvimmat-hopea-1-1536x1001.png 1536w, https:\/\/www.vanhat.sarajamaki.fi\/wp-content\/uploads\/2023\/02\/Suomen-vahvimmat-hopea-1.png 1802w\" sizes=\"auto, (max-width: 767px) 89vw, (max-width: 1000px) 54vw, (max-width: 1071px) 543px, 580px\" \/><\/a><\/figure>\n\n\n\n<figure class=\"wp-block-image size-full\"><a href=\"http:\/\/www.vanhat.sarajamaki.fi\/wp-content\/uploads\/2022\/01\/LK_valkoinen_rgb-1.jpg\"><img loading=\"lazy\" decoding=\"async\" width=\"842\" height=\"396\" src=\"http:\/\/www.vanhat.sarajamaki.fi\/wp-content\/uploads\/2022\/01\/LK_valkoinen_rgb-1.jpg\" alt=\"\" class=\"wp-image-111\" srcset=\"https:\/\/www.vanhat.sarajamaki.fi\/wp-content\/uploads\/2022\/01\/LK_valkoinen_rgb-1.jpg 842w, https:\/\/www.vanhat.sarajamaki.fi\/wp-content\/uploads\/2022\/01\/LK_valkoinen_rgb-1-300x141.jpg 300w, https:\/\/www.vanhat.sarajamaki.fi\/wp-content\/uploads\/2022\/01\/LK_valkoinen_rgb-1-768x361.jpg 768w\" sizes=\"auto, (max-width: 767px) 89vw, (max-width: 1000px) 54vw, (max-width: 1071px) 543px, 580px\" \/><\/a><figcaption class=\"wp-element-caption\">Olemme vastuullinen toimija www.vastuugroup.fi<\/figcaption><\/figure>\n\n\n\n<figure class=\"wp-block-image size-full\"><a href=\"http:\/\/www.vanhat.sarajamaki.fi\/wp-content\/uploads\/2022\/01\/S2_3cm.jpg\"><img loading=\"lazy\" decoding=\"async\" width=\"354\" height=\"354\" src=\"http:\/\/www.vanhat.sarajamaki.fi\/wp-content\/uploads\/2022\/01\/S2_3cm.jpg\" alt=\"\" class=\"wp-image-109\" srcset=\"https:\/\/www.vanhat.sarajamaki.fi\/wp-content\/uploads\/2022\/01\/S2_3cm.jpg 354w, https:\/\/www.vanhat.sarajamaki.fi\/wp-content\/uploads\/2022\/01\/S2_3cm-300x300.jpg 300w, https:\/\/www.vanhat.sarajamaki.fi\/wp-content\/uploads\/2022\/01\/S2_3cm-150x150.jpg 150w, https:\/\/www.vanhat.sarajamaki.fi\/wp-content\/uploads\/2022\/01\/S2_3cm-100x100.jpg 100w\" sizes=\"auto, (max-width: 354px) 100vw, 354px\" \/><\/a><figcaption class=\"wp-element-caption\">S\u00e4hk\u00f6p\u00e4tevyys 2<\/figcaption><\/figure>\n\n\n\n<figure class=\"wp-block-image size-large\"><a href=\"http:\/\/www.vanhat.sarajamaki.fi\/wp-content\/uploads\/2022\/05\/WSCAD_Logo_Bar_Claim_RGB_2019-06.png\"><img loading=\"lazy\" decoding=\"async\" width=\"1024\" height=\"262\" src=\"http:\/\/www.vanhat.sarajamaki.fi\/wp-content\/uploads\/2022\/05\/WSCAD_Logo_Bar_Claim_RGB_2019-06-1024x262.png\" alt=\"\" class=\"wp-image-194\" srcset=\"https:\/\/www.vanhat.sarajamaki.fi\/wp-content\/uploads\/2022\/05\/WSCAD_Logo_Bar_Claim_RGB_2019-06-1024x262.png 1024w, https:\/\/www.vanhat.sarajamaki.fi\/wp-content\/uploads\/2022\/05\/WSCAD_Logo_Bar_Claim_RGB_2019-06-300x77.png 300w, https:\/\/www.vanhat.sarajamaki.fi\/wp-content\/uploads\/2022\/05\/WSCAD_Logo_Bar_Claim_RGB_2019-06-768x197.png 768w, https:\/\/www.vanhat.sarajamaki.fi\/wp-content\/uploads\/2022\/05\/WSCAD_Logo_Bar_Claim_RGB_2019-06-1536x393.png 1536w, https:\/\/www.vanhat.sarajamaki.fi\/wp-content\/uploads\/2022\/05\/WSCAD_Logo_Bar_Claim_RGB_2019-06-2048x524.png 2048w\" sizes=\"auto, (max-width: 767px) 89vw, (max-width: 1000px) 54vw, (max-width: 1071px) 543px, 580px\" \/><\/a><figcaption class=\"wp-element-caption\">Tehoa suunnitteluun &#8211; 6 teknologiaa<\/figcaption><\/figure>\n\n\n\n<figure class=\"wp-block-image size-full\"><a href=\"http:\/\/www.vanhat.sarajamaki.fi\/wp-content\/uploads\/2022\/01\/logo.png\"><img loading=\"lazy\" decoding=\"async\" width=\"348\" height=\"97\" src=\"http:\/\/www.vanhat.sarajamaki.fi\/wp-content\/uploads\/2022\/01\/logo.png\" alt=\"\" class=\"wp-image-128\" srcset=\"https:\/\/www.vanhat.sarajamaki.fi\/wp-content\/uploads\/2022\/01\/logo.png 348w, https:\/\/www.vanhat.sarajamaki.fi\/wp-content\/uploads\/2022\/01\/logo-300x84.png 300w\" sizes=\"auto, (max-width: 348px) 100vw, 348px\" \/><\/a><figcaption class=\"wp-element-caption\">Yritt\u00e4jien j\u00e4sen 2021 alkaen<\/figcaption><\/figure>\n","protected":false},"excerpt":{"rendered":"<p>WSCAD suunnitteluohjelman olemme ottaneet haltuun kes\u00e4n 2022 aikana Suomessa, eli myynti + koulutus + tekninen tuki on hallussamme ja vanhat asiakkaat siirtyy yll\u00e4pitosopimuksen uusimisen my\u00f6t\u00e4 asiakkaaksemme! K\u00e4yt\u00e4mme itse suunnittelussa p\u00e4\u00e4asiassa WSCADi\u00e4, joten koulutus ja tekninen tuki on todella korkeatasoista ja r\u00e4\u00e4t\u00e4l\u00f6it\u00e4v\u00e4\u00e4! Meilt\u00e4 l\u00f6ytyy k\u00e4yt\u00f6st\u00e4 my\u00f6s Cadmatic (=ex CADS), jos joku haluaa niit\u00e4 kaarevia kaapeleita kuviinsa&#8230;tosin &hellip; <\/p>\n<p class=\"link-more\"><a href=\"https:\/\/www.vanhat.sarajamaki.fi\/?page_id=108\" class=\"more-link\">Jatka lukemista<span class=\"screen-reader-text\"> &#8221;LUOTETTAVA, REHELLINEN JA LAADUKAS KUMPPANI&#8221;<\/span><\/a><\/p>\n","protected":false},"author":1,"featured_media":0,"parent":0,"menu_order":1,"comment_status":"closed","ping_status":"closed","template":"","meta":{"footnotes":""},"class_list":["post-108","page","type-page","status-publish","hentry"],"_links":{"self":[{"href":"https:\/\/www.vanhat.sarajamaki.fi\/index.php?rest_route=\/wp\/v2\/pages\/108","targetHints":{"allow":["GET"]}}],"collection":[{"href":"https:\/\/www.vanhat.sarajamaki.fi\/index.php?rest_route=\/wp\/v2\/pages"}],"about":[{"href":"https:\/\/www.vanhat.sarajamaki.fi\/index.php?rest_route=\/wp\/v2\/types\/page"}],"author":[{"embeddable":true,"href":"https:\/\/www.vanhat.sarajamaki.fi\/index.php?rest_route=\/wp\/v2\/users\/1"}],"replies":[{"embeddable":true,"href":"https:\/\/www.vanhat.sarajamaki.fi\/index.php?rest_route=%2Fwp%2Fv2%2Fcomments&post=108"}],"version-history":[{"count":21,"href":"https:\/\/www.vanhat.sarajamaki.fi\/index.php?rest_route=\/wp\/v2\/pages\/108\/revisions"}],"predecessor-version":[{"id":390,"href":"https:\/\/www.vanhat.sarajamaki.fi\/index.php?rest_route=\/wp\/v2\/pages\/108\/revisions\/390"}],"wp:attachment":[{"href":"https:\/\/www.vanhat.sarajamaki.fi\/index.php?rest_route=%2Fwp%2Fv2%2Fmedia&parent=108"}],"curies":[{"name":"wp","href":"https:\/\/api.w.org\/{rel}","templated":true}]}}