{"id":258,"date":"2022-09-11T11:30:59","date_gmt":"2022-09-11T08:30:59","guid":{"rendered":"http:\/\/www.vanhat.sarajamaki.fi\/?page_id=258"},"modified":"2023-04-19T17:48:58","modified_gmt":"2023-04-19T14:48:58","slug":"hinnat","status":"publish","type":"page","link":"https:\/\/www.vanhat.sarajamaki.fi\/?page_id=258","title":{"rendered":"HINNAT"},"content":{"rendered":"\n<p>Yrityksemme hinnoittelu on t\u00e4ysin l\u00e4pin\u00e4kyv\u00e4\u00e4 ja kest\u00e4\u00e4 vertailun saman alan toimijoiden kesken. Luonnollisesti kaiken laskutuksen perustana t\u00f6illemme on tuntiveloitus (pohjana toimii aina veroton tuntiveloitus ja siihen lis\u00e4t\u00e4\u00e4n kulloinkin voimassa oleva vero):<\/p>\n\n\n\n<ul class=\"wp-block-list\">\n<li>Asennusty\u00f6 50,- eur\/h ALV 0%, verollisena 62,- eur\/h ALV 24%<\/li>\n\n\n\n<li>Suunnittelu- ja ohjelmointity\u00f6 60,- eur\/h ALV 0%, verollisena 74,40 eur\/h ALV 24%<\/li>\n\n\n\n<li>Koulutus ja konsultointity\u00f6 80,- eur\/h ALV 0%, verollisena 99,20 eur\/h ALV 24%<\/li>\n\n\n\n<li>Kilometrikustannus 0,55 eur\/km ALV 0%, verollisena 0,68 eur\/km ALV 24%<\/li>\n\n\n\n<li>Matka-aika 50,- eur\/h ALV 0%, verollisena 62,- eur\/h ALV 24%<\/li>\n\n\n\n<li>Muut veloitukset verottajan ohjeiden mukaan \/ toteutuneiden kustannusten mukaan<\/li>\n\n\n\n<li>Materiaalit ja tarvikkeet toimittajien hinnastojen mukaan<\/li>\n<\/ul>\n\n\n\n<p>Koulutushinnat ja -sis\u00e4ll\u00f6t l\u00f6yd\u00e4t koulutukset v\u00e4lilehdelt\u00e4.<\/p>\n\n\n\n<p>Tarvittaessa laskemme tulevalle ty\u00f6lle budjettihinnan, jota k\u00e4yt\u00e4mme laskutusperusteena. Budjettihinta ei ole sitova urakkahinta, vaan mahdollinen alitus\/ylitys korjataan laskulla. Urakkahinnoitteluakin teemme, kysy t\u00e4t\u00e4 oman tarpeesi mukaan!<\/p>\n","protected":false},"excerpt":{"rendered":"<p>Yrityksemme hinnoittelu on t\u00e4ysin l\u00e4pin\u00e4kyv\u00e4\u00e4 ja kest\u00e4\u00e4 vertailun saman alan toimijoiden kesken. Luonnollisesti kaiken laskutuksen perustana t\u00f6illemme on tuntiveloitus (pohjana toimii aina veroton tuntiveloitus ja siihen lis\u00e4t\u00e4\u00e4n kulloinkin voimassa oleva vero): Koulutushinnat ja -sis\u00e4ll\u00f6t l\u00f6yd\u00e4t koulutukset v\u00e4lilehdelt\u00e4. Tarvittaessa laskemme tulevalle ty\u00f6lle budjettihinnan, jota k\u00e4yt\u00e4mme laskutusperusteena. Budjettihinta ei ole sitova urakkahinta, vaan mahdollinen alitus\/ylitys korjataan laskulla. &hellip; <\/p>\n<p class=\"link-more\"><a href=\"https:\/\/www.vanhat.sarajamaki.fi\/?page_id=258\" class=\"more-link\">Jatka lukemista<span class=\"screen-reader-text\"> &#8221;HINNAT&#8221;<\/span><\/a><\/p>\n","protected":false},"author":1,"featured_media":0,"parent":0,"menu_order":0,"comment_status":"closed","ping_status":"closed","template":"","meta":{"footnotes":""},"class_list":["post-258","page","type-page","status-publish","hentry"],"_links":{"self":[{"href":"https:\/\/www.vanhat.sarajamaki.fi\/index.php?rest_route=\/wp\/v2\/pages\/258","targetHints":{"allow":["GET"]}}],"collection":[{"href":"https:\/\/www.vanhat.sarajamaki.fi\/index.php?rest_route=\/wp\/v2\/pages"}],"about":[{"href":"https:\/\/www.vanhat.sarajamaki.fi\/index.php?rest_route=\/wp\/v2\/types\/page"}],"author":[{"embeddable":true,"href":"https:\/\/www.vanhat.sarajamaki.fi\/index.php?rest_route=\/wp\/v2\/users\/1"}],"replies":[{"embeddable":true,"href":"https:\/\/www.vanhat.sarajamaki.fi\/index.php?rest_route=%2Fwp%2Fv2%2Fcomments&post=258"}],"version-history":[{"count":6,"href":"https:\/\/www.vanhat.sarajamaki.fi\/index.php?rest_route=\/wp\/v2\/pages\/258\/revisions"}],"predecessor-version":[{"id":369,"href":"https:\/\/www.vanhat.sarajamaki.fi\/index.php?rest_route=\/wp\/v2\/pages\/258\/revisions\/369"}],"wp:attachment":[{"href":"https:\/\/www.vanhat.sarajamaki.fi\/index.php?rest_route=%2Fwp%2Fv2%2Fmedia&parent=258"}],"curies":[{"name":"wp","href":"https:\/\/api.w.org\/{rel}","templated":true}]}}